Last updated on 2025-04-29 08:51:58 CEST.
Flavor | Version | Tinstall | Tcheck | Ttotal | Status | Flags |
---|---|---|---|---|---|---|
r-devel-linux-x86_64-debian-clang | 0.1.2 | 23.49 | 343.47 | 366.96 | OK | |
r-devel-linux-x86_64-debian-gcc | 0.1.2 | 17.27 | 244.27 | 261.54 | NOTE | |
r-devel-linux-x86_64-fedora-clang | 0.1.2 | 669.88 | OK | |||
r-devel-linux-x86_64-fedora-gcc | 0.1.2 | 668.62 | OK | |||
r-devel-windows-x86_64 | 0.1.2 | 24.00 | 477.00 | 501.00 | OK | |
r-patched-linux-x86_64 | 0.1.2 | 24.69 | 348.04 | 372.73 | OK | |
r-release-linux-x86_64 | 0.1.2 | 24.84 | 346.70 | 371.54 | OK | |
r-release-macos-arm64 | 0.1.2 | 81.00 | OK | |||
r-release-macos-x86_64 | 0.1.2 | 175.00 | OK | |||
r-release-windows-x86_64 | 0.1.2 | 27.00 | 483.00 | 510.00 | OK | |
r-oldrel-macos-arm64 | 0.1.2 | 241.00 | NOTE | |||
r-oldrel-macos-x86_64 | 0.1.2 | 325.00 | NOTE | |||
r-oldrel-windows-x86_64 | 0.1.2 | 25.00 | 509.00 | 534.00 | OK |
Version: 0.1.2
Check: examples
Result: NOTE
Examples with CPU (user + system) or elapsed time > 5s
user system elapsed
trunc 4.305 0.139 5.105
Flavor: r-devel-linux-x86_64-debian-gcc
Version: 0.1.2
Check: installed package size
Result: NOTE
installed size is 8.2Mb
sub-directories of 1Mb or more:
libs 7.3Mb
Flavors: r-oldrel-macos-arm64, r-oldrel-macos-x86_64