Last updated on 2025-04-29 08:51:58 CEST.
Flavor | Version | Tinstall | Tcheck | Ttotal | Status | Flags |
---|---|---|---|---|---|---|
r-devel-linux-x86_64-debian-clang | 3.7.0 | 274.24 | 300.69 | 574.93 | OK | |
r-devel-linux-x86_64-debian-gcc | 3.7.0 | 187.93 | 190.55 | 378.48 | OK | |
r-devel-linux-x86_64-fedora-clang | 3.7.0 | 930.66 | OK | |||
r-devel-linux-x86_64-fedora-gcc | 3.7.0 | 932.32 | OK | |||
r-devel-windows-x86_64 | 3.7.0 | 301.00 | 275.00 | 576.00 | OK | |
r-patched-linux-x86_64 | 3.7.0 | 267.87 | 290.80 | 558.67 | OK | |
r-release-linux-x86_64 | 3.7.0 | 263.53 | 288.48 | 552.01 | OK | |
r-release-macos-arm64 | 3.7.0 | 374.00 | OK | |||
r-release-macos-x86_64 | 3.7.0 | 459.00 | OK | |||
r-release-windows-x86_64 | 3.7.0 | 298.00 | 278.00 | 576.00 | OK | |
r-oldrel-macos-arm64 | 3.7.0 | 240.00 | NOTE | |||
r-oldrel-macos-x86_64 | 3.7.0 | 417.00 | NOTE | |||
r-oldrel-windows-x86_64 | 3.7.0 | 372.00 | 356.00 | 728.00 | NOTE |
Version: 3.7.0
Check: installed package size
Result: NOTE
installed size is 12.3Mb
sub-directories of 1Mb or more:
R 2.1Mb
help 2.7Mb
libs 6.1Mb
Flavors: r-oldrel-macos-arm64, r-oldrel-macos-x86_64, r-oldrel-windows-x86_64