CRAN Package Check Results for Package g3viz

Last updated on 2025-04-29 08:51:58 CEST.

Flavor Version Tinstall Tcheck Ttotal Status Flags
r-devel-linux-x86_64-debian-clang 1.2.0 18.42 165.12 183.54 OK
r-devel-linux-x86_64-debian-gcc 1.2.0 13.18 117.33 130.51 OK
r-devel-linux-x86_64-fedora-clang 1.2.0 298.63 OK
r-devel-linux-x86_64-fedora-gcc 1.2.0 278.26 OK
r-devel-windows-x86_64 1.2.0 19.00 149.00 168.00 OK
r-patched-linux-x86_64 1.2.0 18.14 158.18 176.32 OK
r-release-linux-x86_64 1.2.0 18.51 149.77 168.28 OK
r-release-macos-arm64 1.2.0 6.00 ERROR
r-release-macos-x86_64 1.2.0 140.00 OK
r-release-windows-x86_64 1.2.0 20.00 154.00 174.00 OK
r-oldrel-macos-arm64 1.2.0 74.00 OK
r-oldrel-macos-x86_64 1.2.0 173.00 OK
r-oldrel-windows-x86_64 1.2.0 23.00 190.00 213.00 OK

Check Details

Version: 1.2.0
Check: package dependencies
Result: ERROR Package required but not available: ‘org.Hs.eg.db’ See section ‘The DESCRIPTION file’ in the ‘Writing R Extensions’ manual. Flavor: r-release-macos-arm64