CRAN Package Check Results for Package gamlss.ggplots

Last updated on 2025-04-29 08:51:58 CEST.

Flavor Version Tinstall Tcheck Ttotal Status Flags
r-devel-linux-x86_64-debian-clang 2.1-12 23.57 182.77 206.34 NOTE
r-devel-linux-x86_64-debian-gcc 2.1-12 14.20 125.44 139.64 NOTE
r-devel-linux-x86_64-fedora-clang 2.1-12 348.75 NOTE
r-devel-linux-x86_64-fedora-gcc 2.1-12 300.73 NOTE
r-devel-windows-x86_64 2.1-12 22.00 175.00 197.00 NOTE
r-patched-linux-x86_64 2.1-12 18.83 178.55 197.38 NOTE
r-release-linux-x86_64 2.1-12 21.24 179.28 200.52 NOTE
r-release-macos-arm64 2.1-12 87.00 NOTE
r-release-macos-x86_64 2.1-12 182.00 NOTE
r-release-windows-x86_64 2.1-12 25.00 180.00 205.00 NOTE
r-oldrel-macos-arm64 2.1-12 78.00 OK
r-oldrel-macos-x86_64 2.1-12 165.00 OK
r-oldrel-windows-x86_64 2.1-12 30.00 224.00 254.00 OK

Check Details

Version: 2.1-12
Check: DESCRIPTION meta-information
Result: NOTE Missing dependency on R >= 4.1.0 because package code uses the pipe |> or function shorthand \(...) syntax added in R 4.1.0. File(s) using such syntax: ‘Bucket_plot.R’ Flavors: r-devel-linux-x86_64-debian-clang, r-devel-linux-x86_64-debian-gcc, r-devel-linux-x86_64-fedora-clang, r-devel-linux-x86_64-fedora-gcc, r-devel-windows-x86_64, r-patched-linux-x86_64, r-release-linux-x86_64, r-release-macos-arm64, r-release-macos-x86_64, r-release-windows-x86_64

Version: 2.1-12
Check: Rd cross-references
Result: NOTE Found the following Rd file(s) with Rd \link{} targets missing package anchors: family_pdf.Rd: gamlss fitted_cdf.Rd: gamlss fitted_devianceIncr.Rd: gamlss model_pca.Rd: gamlss resid_plot.Rd: gamlss, plot.gamlss Please provide package anchors for all Rd \link{} targets not in the package itself and the base packages. Flavors: r-devel-linux-x86_64-debian-clang, r-devel-linux-x86_64-debian-gcc, r-devel-windows-x86_64, r-patched-linux-x86_64, r-release-linux-x86_64, r-release-windows-x86_64

Version: 2.1-12
Check: examples
Result: NOTE Examples with CPU (user + system) or elapsed time > 5s user system elapsed family_pdf 5.849 0.153 6.780 fitted_cdf 4.706 0.141 5.827 Flavor: r-devel-linux-x86_64-debian-gcc