Last updated on 2025-04-29 08:51:58 CEST.
Flavor | Version | Tinstall | Tcheck | Ttotal | Status | Flags |
---|---|---|---|---|---|---|
r-devel-linux-x86_64-debian-clang | 0.3-23 | 23.62 | 222.35 | 245.97 | OK | |
r-devel-linux-x86_64-debian-gcc | 0.3-23 | 17.26 | 167.88 | 185.14 | NOTE | |
r-devel-linux-x86_64-fedora-clang | 0.3-23 | 388.40 | OK | |||
r-devel-linux-x86_64-fedora-gcc | 0.3-23 | 5793.27 | ERROR | |||
r-devel-windows-x86_64 | 0.3-23 | 26.00 | 215.00 | 241.00 | OK | |
r-patched-linux-x86_64 | 0.3-23 | 27.07 | 219.12 | 246.19 | OK | |
r-release-linux-x86_64 | 0.3-23 | 23.47 | 219.33 | 242.80 | OK | |
r-release-macos-arm64 | 0.3-23 | 138.00 | OK | |||
r-release-macos-x86_64 | 0.3-23 | 286.00 | OK | |||
r-release-windows-x86_64 | 0.3-23 | 26.00 | 218.00 | 244.00 | OK | |
r-oldrel-macos-arm64 | 0.3-23 | 144.00 | OK | |||
r-oldrel-macos-x86_64 | 0.3-23 | 252.00 | OK | |||
r-oldrel-windows-x86_64 | 0.3-23 | 34.00 | 278.00 | 312.00 | OK |
Version: 0.3-23
Check: examples
Result: NOTE
Examples with CPU (user + system) or elapsed time > 5s
user system elapsed
georobModelBuilding 2.255 1.041 5.147
Flavor: r-devel-linux-x86_64-debian-gcc
Version: 0.3-23
Check: re-building of vignette outputs
Result: ERROR
Error(s) in re-building vignettes:
--- re-building ‘georob_vignette.Rnw’ using Sweave
Loading required package: sp
Attaching package: ‘georob’
The following object is masked from ‘package:stats’:
step
recomputing robust Mahalanobis distances
saving the robust distances 'MD' as part of ‘r.lmrob’
Flavor: r-devel-linux-x86_64-fedora-gcc