CRAN Package Check Results for Package ggrisk

Last updated on 2025-04-29 08:51:59 CEST.

Flavor Version Tinstall Tcheck Ttotal Status Flags
r-devel-linux-x86_64-debian-clang 1.3 11.89 105.00 116.89 OK
r-devel-linux-x86_64-debian-gcc 1.3 11.54 76.02 87.56 OK
r-devel-linux-x86_64-fedora-clang 1.3 178.20 NOTE
r-devel-linux-x86_64-fedora-gcc 1.3 172.42 NOTE
r-devel-windows-x86_64 1.3 15.00 107.00 122.00 OK
r-patched-linux-x86_64 1.3 13.97 101.74 115.71 OK
r-release-linux-x86_64 1.3 12.15 100.68 112.83 OK
r-release-macos-arm64 1.3 49.00 OK
r-release-macos-x86_64 1.3 90.00 OK
r-release-windows-x86_64 1.3 16.00 111.00 127.00 OK
r-oldrel-macos-arm64 1.3 50.00 OK
r-oldrel-macos-x86_64 1.3 71.00 OK
r-oldrel-windows-x86_64 1.3 19.00 135.00 154.00 OK

Check Details

Version: 1.3
Check: dependencies in R code
Result: NOTE Namespaces in Imports field not imported from: ‘nomogramFormula’ ‘survival’ All declared Imports should be used. Flavors: r-devel-linux-x86_64-fedora-clang, r-devel-linux-x86_64-fedora-gcc