Last updated on 2025-04-29 08:51:59 CEST.
Flavor | Version | Tinstall | Tcheck | Ttotal | Status | Flags |
---|---|---|---|---|---|---|
r-devel-linux-x86_64-debian-clang | 1.6.5 | 8.43 | 149.21 | 157.64 | NOTE | |
r-devel-linux-x86_64-debian-gcc | 1.6.5 | 7.05 | 110.86 | 117.91 | NOTE | |
r-devel-linux-x86_64-fedora-clang | 1.6.5 | 236.50 | NOTE | |||
r-devel-linux-x86_64-fedora-gcc | 1.6.5 | 248.22 | NOTE | |||
r-devel-windows-x86_64 | 1.6.5 | 10.00 | 172.00 | 182.00 | NOTE | |
r-patched-linux-x86_64 | 1.6.5 | 9.81 | 144.85 | 154.66 | NOTE | |
r-release-linux-x86_64 | 1.6.5 | 8.62 | 144.47 | 153.09 | NOTE | |
r-release-macos-arm64 | 1.6.5 | 69.00 | NOTE | |||
r-release-macos-x86_64 | 1.6.5 | 144.00 | NOTE | |||
r-release-windows-x86_64 | 1.6.5 | 13.00 | 181.00 | 194.00 | NOTE | |
r-oldrel-macos-arm64 | 1.6.5 | 72.00 | NOTE | |||
r-oldrel-macos-x86_64 | 1.6.5 | 111.00 | NOTE | |||
r-oldrel-windows-x86_64 | 1.6.5 | 14.00 | 203.00 | 217.00 | NOTE |
Version: 1.6.5
Check: package subdirectories
Result: NOTE
Problems with news in ‘NEWS.md’:
Cannot extract version info from the following section titles:
* Changes all data options to .data to decrease possibility of column naming overlap
Flavors: r-devel-linux-x86_64-debian-clang, r-devel-linux-x86_64-debian-gcc, r-devel-linux-x86_64-fedora-clang, r-devel-linux-x86_64-fedora-gcc, r-devel-windows-x86_64, r-patched-linux-x86_64, r-release-linux-x86_64, r-release-macos-arm64, r-release-macos-x86_64, r-release-windows-x86_64, r-oldrel-macos-arm64, r-oldrel-macos-x86_64, r-oldrel-windows-x86_64
Version: 1.6.5
Check: CRAN incoming feasibility
Result: NOTE
Maintainer: ‘Athanasia Mo Mowinckel <a.m.mowinckel@psykologi.uio.no>’
Package CITATION file contains call(s) to old-style citEntry(). Please
use bibentry() instead.
Flavor: r-devel-linux-x86_64-debian-gcc
Version: 1.6.5
Check: examples
Result: NOTE
Examples with CPU (user + system) or elapsed time > 5s
user system elapsed
ggseg 4.429 0.092 5.543
Flavor: r-devel-linux-x86_64-debian-gcc