CRAN Package Check Results for Package gllvm

Last updated on 2025-04-29 08:51:59 CEST.

Flavor Version Tinstall Tcheck Ttotal Status Flags
r-devel-linux-x86_64-debian-clang 2.0.2 411.55 395.50 807.05 OK
r-devel-linux-x86_64-debian-gcc 2.0.2 380.21 312.06 692.27 OK
r-devel-linux-x86_64-fedora-clang 2.0.2 1857.12 OK
r-devel-linux-x86_64-fedora-gcc 2.0.2 1560.18 OK
r-devel-windows-x86_64 2.0.2 422.00 465.00 887.00 OK
r-patched-linux-x86_64 2.0.2 497.35 382.50 879.85 OK
r-release-linux-x86_64 2.0.2 496.47 394.59 891.06 OK
r-release-macos-arm64 2.0.2 327.00 OK
r-release-macos-x86_64 2.0.2 927.00 OK
r-release-windows-x86_64 2.0.2 419.00 454.00 873.00 OK
r-oldrel-macos-arm64 2.0.2 418.00 NOTE
r-oldrel-macos-x86_64 2.0.2 919.00 NOTE
r-oldrel-windows-x86_64 2.0.2 459.00 550.00 1009.00 NOTE

Check Details

Version: 2.0.2
Check: installed package size
Result: NOTE installed size is 212.2Mb sub-directories of 1Mb or more: doc 1.9Mb libs 209.0Mb Flavors: r-oldrel-macos-arm64, r-oldrel-macos-x86_64, r-oldrel-windows-x86_64