Last updated on 2025-04-29 08:51:59 CEST.
Flavor | Version | Tinstall | Tcheck | Ttotal | Status | Flags |
---|---|---|---|---|---|---|
r-devel-linux-x86_64-debian-clang | 0.5-5 | 41.12 | 246.25 | 287.37 | OK | |
r-devel-linux-x86_64-debian-gcc | 0.5-5 | 27.23 | 172.13 | 199.36 | OK | |
r-devel-linux-x86_64-fedora-clang | 0.5-5 | 510.25 | NOTE | |||
r-devel-linux-x86_64-fedora-gcc | 0.5-5 | 505.73 | NOTE | |||
r-devel-windows-x86_64 | 0.5-5 | 42.00 | 229.00 | 271.00 | OK | |
r-patched-linux-x86_64 | 0.5-5 | 44.89 | 215.96 | 260.85 | OK | |
r-release-linux-x86_64 | 0.5-5 | 42.13 | 235.10 | 277.23 | OK | |
r-release-macos-arm64 | 0.5-5 | 120.00 | OK | |||
r-release-macos-x86_64 | 0.5-5 | 255.00 | OK | |||
r-release-windows-x86_64 | 0.5-5 | 46.00 | 222.00 | 268.00 | OK | |
r-oldrel-macos-arm64 | 0.5-5 | 105.00 | OK | |||
r-oldrel-macos-x86_64 | 0.5-5 | 269.00 | OK | |||
r-oldrel-windows-x86_64 | 0.5-5 | 59.00 | 290.00 | 349.00 | OK |
Version: 0.5-5
Check: dependencies in R code
Result: NOTE
Namespaces in Imports field not imported from:
‘DiceKriging’ ‘rgenoud’
All declared Imports should be used.
Flavors: r-devel-linux-x86_64-fedora-clang, r-devel-linux-x86_64-fedora-gcc