Last updated on 2025-04-29 08:51:59 CEST.
Flavor | Version | Tinstall | Tcheck | Ttotal | Status | Flags |
---|---|---|---|---|---|---|
r-devel-linux-x86_64-debian-clang | 0.98 | 11.87 | 65.22 | 77.09 | OK | |
r-devel-linux-x86_64-debian-gcc | 0.98 | 7.67 | 46.90 | 54.57 | NOTE | |
r-devel-linux-x86_64-fedora-clang | 0.98 | 118.98 | OK | |||
r-devel-linux-x86_64-fedora-gcc | 0.98 | 118.33 | OK | |||
r-devel-windows-x86_64 | 0.98 | 14.00 | 83.00 | 97.00 | OK | |
r-patched-linux-x86_64 | 0.98 | 10.92 | 64.16 | 75.08 | OK | |
r-release-linux-x86_64 | 0.98 | 10.83 | 62.83 | 73.66 | OK | |
r-release-macos-arm64 | 0.98 | 49.00 | OK | |||
r-release-macos-x86_64 | 0.98 | 71.00 | OK | |||
r-release-windows-x86_64 | 0.98 | 15.00 | 86.00 | 101.00 | OK | |
r-oldrel-macos-arm64 | 0.98 | 40.00 | OK | |||
r-oldrel-macos-x86_64 | 0.98 | 57.00 | OK | |||
r-oldrel-windows-x86_64 | 0.98 | 16.00 | 97.00 | 113.00 | OK |
Version: 0.98
Check: CRAN incoming feasibility
Result: NOTE
Maintainer: ‘Mee Young Park <meeyoung@google.com>’
No Authors@R field in DESCRIPTION.
Please add one, modifying
Authors@R: c(person(given = c("Mee", "Young"),
family = "Park",
role = c("aut", "cre"),
email = "meeyoung@google.com"),
person(given = "Trevor",
family = "Hastie",
role = "aut"))
as necessary.
Flavor: r-devel-linux-x86_64-debian-gcc