CRAN Package Check Results for Package hierarchicalSets

Last updated on 2025-04-29 14:53:36 CEST.

Flavor Version Tinstall Tcheck Ttotal Status Flags
r-devel-linux-x86_64-debian-clang 1.0.4 29.76 96.46 126.22 NOTE
r-devel-linux-x86_64-debian-gcc 1.0.4 22.13 68.19 90.32 NOTE
r-devel-linux-x86_64-fedora-clang 1.0.4 188.88 OK
r-devel-linux-x86_64-fedora-gcc 1.0.4 182.49 OK
r-devel-windows-x86_64 1.0.4 30.00 115.00 145.00 OK
r-patched-linux-x86_64 1.0.4 30.48 88.22 118.70 OK
r-release-linux-x86_64 1.0.4 30.63 88.13 118.76 OK
r-release-macos-arm64 1.0.4 56.00 OK
r-release-macos-x86_64 1.0.4 101.00 OK
r-release-windows-x86_64 1.0.4 37.00 115.00 152.00 OK
r-oldrel-macos-arm64 1.0.4 53.00 OK
r-oldrel-macos-x86_64 1.0.4 78.00 OK
r-oldrel-windows-x86_64 1.0.4 39.00 144.00 183.00 OK

Check Details

Version: 1.0.4
Check: CRAN incoming feasibility
Result: NOTE Maintainer: ‘Thomas Lin Pedersen <thomasp85@gmail.com>’ No Authors@R field in DESCRIPTION. Please add one, modifying Authors@R: person(given = c("Thomas", "Lin"), family = "Pedersen", role = c("aut", "cre"), email = "thomasp85@gmail.com") as necessary. Flavors: r-devel-linux-x86_64-debian-clang, r-devel-linux-x86_64-debian-gcc