Last updated on 2025-04-29 08:52:00 CEST.
Flavor | Version | Tinstall | Tcheck | Ttotal | Status | Flags |
---|---|---|---|---|---|---|
r-devel-linux-x86_64-debian-clang | 5.6.0 | 14.97 | 187.65 | 202.62 | OK | |
r-devel-linux-x86_64-debian-gcc | 5.6.0 | 10.15 | 127.31 | 137.46 | OK | |
r-devel-linux-x86_64-fedora-clang | 5.6.0 | 339.22 | NOTE | |||
r-devel-linux-x86_64-fedora-gcc | 5.6.0 | 315.75 | NOTE | |||
r-devel-windows-x86_64 | 5.6.0 | 17.00 | 221.00 | 238.00 | OK | |
r-patched-linux-x86_64 | 5.6.0 | 16.28 | 179.49 | 195.77 | OK | |
r-release-linux-x86_64 | 5.6.0 | 14.77 | 179.17 | 193.94 | OK | |
r-release-macos-arm64 | 5.6.0 | 96.00 | OK | |||
r-release-macos-x86_64 | 5.6.0 | 170.00 | OK | |||
r-release-windows-x86_64 | 5.6.0 | 17.00 | 215.00 | 232.00 | OK | |
r-oldrel-macos-arm64 | 5.6.0 | 75.00 | OK | |||
r-oldrel-macos-x86_64 | 5.6.0 | 154.00 | OK | |||
r-oldrel-windows-x86_64 | 5.6.0 | 22.00 | 273.00 | 295.00 | OK |
Version: 5.6.0
Check: dependencies in R code
Result: NOTE
Namespaces in Imports field not imported from:
‘R6’ ‘xml2’
All declared Imports should be used.
Flavors: r-devel-linux-x86_64-fedora-clang, r-devel-linux-x86_64-fedora-gcc