Last updated on 2025-04-29 08:52:00 CEST.
Flavor | Version | Tinstall | Tcheck | Ttotal | Status | Flags |
---|---|---|---|---|---|---|
r-devel-linux-x86_64-debian-clang | 0.1.4 | 65.95 | 141.96 | 207.91 | OK | |
r-devel-linux-x86_64-debian-gcc | 0.1.4 | 44.01 | 101.84 | 145.85 | NOTE | |
r-devel-linux-x86_64-fedora-clang | 0.1.4 | 326.37 | OK | |||
r-devel-linux-x86_64-fedora-gcc | 0.1.4 | 312.14 | OK | |||
r-devel-windows-x86_64 | 0.1.4 | 59.00 | 147.00 | 206.00 | OK | |
r-patched-linux-x86_64 | 0.1.4 | 58.23 | 130.15 | 188.38 | OK | |
r-release-linux-x86_64 | 0.1.4 | 52.33 | 134.54 | 186.87 | OK | |
r-release-macos-arm64 | 0.1.4 | 135.00 | OK | |||
r-release-macos-x86_64 | 0.1.4 | 173.00 | OK | |||
r-release-windows-x86_64 | 0.1.4 | 62.00 | 147.00 | 209.00 | OK | |
r-oldrel-macos-arm64 | 0.1.4 | 99.00 | NOTE | |||
r-oldrel-macos-x86_64 | 0.1.4 | 195.00 | NOTE | |||
r-oldrel-windows-x86_64 | 0.1.4 | 77.00 | 185.00 | 262.00 | OK |
Version: 0.1.4
Check: examples
Result: NOTE
Examples with CPU (user + system) or elapsed time > 5s
user system elapsed
plot.iClusterVB 6.134 0.023 4.513
piplot 5.064 0.194 4.333
Flavor: r-devel-linux-x86_64-debian-gcc
Version: 0.1.4
Check: installed package size
Result: NOTE
installed size is 9.1Mb
sub-directories of 1Mb or more:
data 3.0Mb
libs 5.5Mb
Flavors: r-oldrel-macos-arm64, r-oldrel-macos-x86_64