Last updated on 2025-04-29 08:52:00 CEST.
Flavor | Version | Tinstall | Tcheck | Ttotal | Status | Flags |
---|---|---|---|---|---|---|
r-devel-linux-x86_64-debian-clang | 1.1.7 | 203.41 | 113.89 | 317.30 | OK | |
r-devel-linux-x86_64-debian-gcc | 1.1.7 | 159.98 | 87.07 | 247.05 | NOTE | |
r-devel-linux-x86_64-fedora-clang | 1.1.7 | 581.86 | OK | |||
r-devel-linux-x86_64-fedora-gcc | 1.1.7 | 592.56 | OK | |||
r-devel-windows-x86_64 | 1.1.7 | 233.00 | 173.00 | 406.00 | OK | |
r-patched-linux-x86_64 | 1.1.7 | 207.86 | 114.43 | 322.29 | OK | |
r-release-linux-x86_64 | 1.1.7 | 204.13 | 114.10 | 318.23 | OK | |
r-release-macos-arm64 | 1.1.7 | 140.00 | OK | |||
r-release-macos-x86_64 | 1.1.7 | 163.00 | OK | |||
r-release-windows-x86_64 | 1.1.7 | 228.00 | 162.00 | 390.00 | OK | |
r-oldrel-macos-arm64 | 1.1.7 | 125.00 | NOTE | |||
r-oldrel-macos-x86_64 | 1.1.7 | 160.00 | NOTE | |||
r-oldrel-windows-x86_64 | 1.1.7 | 269.00 | 213.00 | 482.00 | OK |
Version: 1.1.7
Check: examples
Result: NOTE
Examples with CPU (user + system) or elapsed time > 5s
user system elapsed
plot_network_heatmap 6.198 0.214 8.079
Flavor: r-devel-linux-x86_64-debian-gcc
Version: 1.1.7
Check: installed package size
Result: NOTE
installed size is 14.6Mb
sub-directories of 1Mb or more:
libs 13.2Mb
Flavors: r-oldrel-macos-arm64, r-oldrel-macos-x86_64