Last updated on 2025-04-29 08:52:01 CEST.
Flavor | Version | Tinstall | Tcheck | Ttotal | Status | Flags |
---|---|---|---|---|---|---|
r-devel-linux-x86_64-debian-clang | 0.7.5 | 16.98 | 137.80 | 154.78 | NOTE | |
r-devel-linux-x86_64-debian-gcc | 0.7.5 | 10.70 | 101.63 | 112.33 | NOTE | |
r-devel-linux-x86_64-fedora-clang | 0.7.5 | 253.02 | NOTE | |||
r-devel-linux-x86_64-fedora-gcc | 0.7.5 | 244.26 | NOTE | |||
r-devel-windows-x86_64 | 0.7.5 | 19.00 | 145.00 | 164.00 | NOTE | |
r-patched-linux-x86_64 | 0.7.5 | 16.18 | 133.54 | 149.72 | NOTE | |
r-release-linux-x86_64 | 0.7.5 | 15.81 | 134.44 | 150.25 | NOTE | |
r-release-macos-arm64 | 0.7.5 | 70.00 | NOTE | |||
r-release-macos-x86_64 | 0.7.5 | 149.00 | OK | |||
r-release-windows-x86_64 | 0.7.5 | 18.00 | 141.00 | 159.00 | NOTE | |
r-oldrel-macos-arm64 | 0.7.5 | 64.00 | OK | |||
r-oldrel-macos-x86_64 | 0.7.5 | 124.00 | OK | |||
r-oldrel-windows-x86_64 | 0.7.5 | 23.00 | 182.00 | 205.00 | OK |
Version: 0.7.5
Check: DESCRIPTION meta-information
Result: NOTE
Missing dependency on R >= 4.1.0 because package code uses the pipe
|> or function shorthand \(...) syntax added in R 4.1.0.
File(s) using such syntax:
‘autoplot.restricted.Rd’ ‘autoplot.riskfactor.Rd’ ‘rating_factors.Rd’
Flavors: r-devel-linux-x86_64-debian-clang, r-devel-linux-x86_64-debian-gcc, r-devel-linux-x86_64-fedora-clang, r-devel-linux-x86_64-fedora-gcc, r-devel-windows-x86_64, r-patched-linux-x86_64, r-release-linux-x86_64, r-release-macos-arm64, r-release-windows-x86_64