Last updated on 2025-04-29 14:53:37 CEST.
Flavor | Version | Tinstall | Tcheck | Ttotal | Status | Flags |
---|---|---|---|---|---|---|
r-devel-linux-x86_64-debian-clang | 0.2.3 | 16.00 | 131.72 | 147.72 | OK | |
r-devel-linux-x86_64-debian-gcc | 0.2.3 | 9.45 | 92.07 | 101.52 | OK | |
r-devel-linux-x86_64-fedora-clang | 0.2.3 | 216.42 | OK | |||
r-devel-linux-x86_64-fedora-gcc | 0.2.3 | 213.30 | OK | |||
r-devel-windows-x86_64 | 0.2.3 | 15.00 | 114.00 | 129.00 | OK | |
r-patched-linux-x86_64 | 0.2.3 | 14.58 | 122.56 | 137.14 | OK | |
r-release-linux-x86_64 | 0.2.3 | 15.28 | 122.14 | 137.42 | OK | |
r-release-macos-arm64 | 0.2.3 | 87.00 | OK | |||
r-release-macos-x86_64 | 0.2.3 | 119.00 | OK | |||
r-release-windows-x86_64 | 0.2.3 | 15.00 | 116.00 | 131.00 | OK | |
r-oldrel-macos-arm64 | 0.2.3 | 62.00 | NOTE | |||
r-oldrel-macos-x86_64 | 0.2.3 | 88.00 | NOTE | |||
r-oldrel-windows-x86_64 | 0.2.3 | 18.00 | 153.00 | 171.00 | NOTE |
Version: 0.2.3
Check: LazyData
Result: NOTE
'LazyData' is specified without a 'data' directory
Flavors: r-oldrel-macos-arm64, r-oldrel-macos-x86_64, r-oldrel-windows-x86_64