Last updated on 2025-04-29 08:52:01 CEST.
Flavor | Version | Tinstall | Tcheck | Ttotal | Status | Flags |
---|---|---|---|---|---|---|
r-devel-linux-x86_64-debian-clang | 1.2 | 5.91 | 56.18 | 62.09 | OK | |
r-devel-linux-x86_64-debian-gcc | 1.2 | 4.96 | 42.53 | 47.49 | NOTE | |
r-devel-linux-x86_64-fedora-clang | 1.2 | 94.32 | OK | |||
r-devel-linux-x86_64-fedora-gcc | 1.2 | 90.73 | OK | |||
r-devel-windows-x86_64 | 1.2 | 7.00 | 66.00 | 73.00 | OK | |
r-patched-linux-x86_64 | 1.2 | 6.81 | 53.84 | 60.65 | OK | |
r-release-linux-x86_64 | 1.2 | 6.80 | 53.26 | 60.06 | OK | |
r-release-macos-arm64 | 1.2 | 36.00 | OK | |||
r-release-macos-x86_64 | 1.2 | 77.00 | OK | |||
r-release-windows-x86_64 | 1.2 | 7.00 | 68.00 | 75.00 | OK | |
r-oldrel-macos-arm64 | 1.2 | 31.00 | OK | |||
r-oldrel-macos-x86_64 | 1.2 | 45.00 | OK | |||
r-oldrel-windows-x86_64 | 1.2 | 9.00 | 77.00 | 86.00 | OK |
Version: 1.2
Check: CRAN incoming feasibility
Result: NOTE
Maintainer: ‘Hakon K. Gjessing <hakon.gjessing@uib.no>’
No Authors@R field in DESCRIPTION.
Please add one, modifying
Authors@R: person(given = c("Hakon", "K."),
family = "Gjessing",
role = c("aut", "cre"),
email = "hakon.gjessing@uib.no")
as necessary.
Flavor: r-devel-linux-x86_64-debian-gcc