Last updated on 2025-04-29 14:53:37 CEST.
Flavor | Version | Tinstall | Tcheck | Ttotal | Status | Flags |
---|---|---|---|---|---|---|
r-devel-linux-x86_64-debian-clang | 2.1.0 | 9.56 | 93.02 | 102.58 | NOTE | |
r-devel-linux-x86_64-debian-gcc | 2.1.0 | 6.27 | 66.16 | 72.43 | OK | |
r-devel-linux-x86_64-fedora-clang | 2.1.0 | 148.36 | OK | |||
r-devel-linux-x86_64-fedora-gcc | 2.1.0 | 152.35 | OK | |||
r-devel-windows-x86_64 | 2.1.0 | 10.00 | 104.00 | 114.00 | OK | |
r-patched-linux-x86_64 | 2.1.0 | 9.09 | 86.84 | 95.93 | OK | |
r-release-linux-x86_64 | 2.1.0 | 9.00 | 86.21 | 95.21 | OK | |
r-release-macos-arm64 | 2.1.0 | 49.00 | OK | |||
r-release-macos-x86_64 | 2.1.0 | 97.00 | OK | |||
r-release-windows-x86_64 | 2.1.0 | 11.00 | 104.00 | 115.00 | OK | |
r-oldrel-macos-arm64 | 2.1.0 | 52.00 | OK | |||
r-oldrel-macos-x86_64 | 2.1.0 | 121.00 | OK | |||
r-oldrel-windows-x86_64 | 2.1.0 | 13.00 | 134.00 | 147.00 | OK |
Version: 2.1.0
Check: examples
Result: NOTE
Examples with CPU (user + system) or elapsed time > 5s
user system elapsed
sampling_frequency 5.084 0.016 5.79
Flavor: r-devel-linux-x86_64-debian-clang