CRAN Package Check Results for Package ivtools

Last updated on 2025-04-29 08:52:01 CEST.

Flavor Version Tinstall Tcheck Ttotal Status Flags
r-devel-linux-x86_64-debian-clang 2.3.0 18.05 70.81 88.86 OK
r-devel-linux-x86_64-debian-gcc 2.3.0 11.86 48.63 60.49 NOTE
r-devel-linux-x86_64-fedora-clang 2.3.0 139.36 OK
r-devel-linux-x86_64-fedora-gcc 2.3.0 133.47 OK
r-devel-windows-x86_64 2.3.0 21.00 97.00 118.00 OK
r-patched-linux-x86_64 2.3.0 19.35 64.51 83.86 OK
r-release-linux-x86_64 2.3.0 18.08 65.25 83.33 OK
r-release-macos-arm64 2.3.0 44.00 OK
r-release-macos-x86_64 2.3.0 106.00 OK
r-release-windows-x86_64 2.3.0 21.00 102.00 123.00 OK
r-oldrel-macos-arm64 2.3.0 41.00 OK
r-oldrel-macos-x86_64 2.3.0 62.00 OK
r-oldrel-windows-x86_64 2.3.0 25.00 117.00 142.00 OK

Check Details

Version: 2.3.0
Check: CRAN incoming feasibility
Result: NOTE Maintainer: ‘Arvid Sjolander <arvid.sjolander@ki.se>’ No Authors@R field in DESCRIPTION. Please add one, modifying Authors@R: c(person(given = "Arvid", family = "Sjolander", role = c("aut", "cre"), email = "arvid.sjolander@ki.se"), person(given = "Elisabeth", family = "Dahlqwist", role = "aut"), person(given = "Torben", family = "Martinussen", role = "aut")) as necessary. Flavor: r-devel-linux-x86_64-debian-gcc