Last updated on 2025-04-29 08:52:01 CEST.
Flavor | Version | Tinstall | Tcheck | Ttotal | Status | Flags |
---|---|---|---|---|---|---|
r-devel-linux-x86_64-debian-clang | 0.4.7 | 77.77 | 197.10 | 274.87 | OK | --no-tests |
r-devel-linux-x86_64-debian-gcc | 0.4.7 | 56.04 | 149.90 | 205.94 | OK | --no-tests |
r-devel-linux-x86_64-fedora-clang | 0.4.7 | 616.00 | OK | |||
r-devel-linux-x86_64-fedora-gcc | 0.4.7 | 636.16 | OK | |||
r-devel-windows-x86_64 | 0.4.7 | 86.00 | 339.00 | 425.00 | OK | |
r-patched-linux-x86_64 | 0.4.7 | 77.63 | 252.67 | 330.30 | OK | --no-tests |
r-release-linux-x86_64 | 0.4.7 | 76.64 | 236.92 | 313.56 | OK | --no-tests |
r-release-macos-arm64 | 0.4.7 | 296.00 | OK | |||
r-release-macos-x86_64 | 0.4.7 | 383.00 | OK | |||
r-release-windows-x86_64 | 0.4.7 | 89.00 | 390.00 | 479.00 | OK | |
r-oldrel-macos-arm64 | 0.4.7 | 201.00 | NOTE | |||
r-oldrel-macos-x86_64 | 0.4.7 | 431.00 | NOTE | |||
r-oldrel-windows-x86_64 | 0.4.7 | 98.00 | 457.00 | 555.00 | OK |
Version: 0.4.7
Check: installed package size
Result: NOTE
installed size is 6.3Mb
sub-directories of 1Mb or more:
data 1.3Mb
libs 3.9Mb
Flavors: r-oldrel-macos-arm64, r-oldrel-macos-x86_64