Last updated on 2025-04-29 08:52:01 CEST.
Flavor | Version | Tinstall | Tcheck | Ttotal | Status | Flags |
---|---|---|---|---|---|---|
r-devel-linux-x86_64-debian-clang | 3.16 | 8.05 | 67.96 | 76.01 | OK | |
r-devel-linux-x86_64-debian-gcc | 3.16 | 6.14 | 50.53 | 56.67 | NOTE | |
r-devel-linux-x86_64-fedora-clang | 3.16 | 118.99 | OK | |||
r-devel-linux-x86_64-fedora-gcc | 3.16 | 115.80 | OK | |||
r-devel-windows-x86_64 | 3.16 | 9.00 | 82.00 | 91.00 | OK | |
r-patched-linux-x86_64 | 3.16 | 10.28 | 65.14 | 75.42 | OK | |
r-release-linux-x86_64 | 3.16 | 6.70 | 64.40 | 71.10 | OK | |
r-release-macos-arm64 | 3.16 | 39.00 | OK | |||
r-release-macos-x86_64 | 3.16 | 62.00 | OK | |||
r-release-windows-x86_64 | 3.16 | 10.00 | 85.00 | 95.00 | OK | |
r-oldrel-macos-arm64 | 3.16 | 36.00 | OK | |||
r-oldrel-macos-x86_64 | 3.16 | 52.00 | OK | |||
r-oldrel-windows-x86_64 | 3.16 | 13.00 | 95.00 | 108.00 | OK |
Version: 3.16
Check: CRAN incoming feasibility
Result: NOTE
Maintainer: ‘Takeshi Emura <takeshiemura@gmail.com>’
No Authors@R field in DESCRIPTION.
Please add one, modifying
Authors@R: person(given = "Takeshi",
family = "Emura",
role = c("aut", "cre"),
email = "takeshiemura@gmail.com")
as necessary.
Flavor: r-devel-linux-x86_64-debian-gcc