Last updated on 2025-04-29 08:52:01 CEST.
Flavor | Version | Tinstall | Tcheck | Ttotal | Status | Flags |
---|---|---|---|---|---|---|
r-devel-linux-x86_64-debian-clang | 2.7-6 | 75.09 | 216.21 | 291.30 | OK | |
r-devel-linux-x86_64-debian-gcc | 2.7-6 | 62.08 | 135.18 | 197.26 | NOTE | |
r-devel-linux-x86_64-fedora-clang | 2.7-6 | 459.27 | OK | |||
r-devel-linux-x86_64-fedora-gcc | 2.7-6 | 468.20 | OK | |||
r-devel-windows-x86_64 | 2.7-6 | 82.00 | 200.00 | 282.00 | OK | |
r-patched-linux-x86_64 | 2.7-6 | 85.76 | 201.43 | 287.19 | OK | |
r-release-linux-x86_64 | 2.7-6 | 82.05 | 202.24 | 284.29 | OK | |
r-release-macos-arm64 | 2.7-6 | 132.00 | OK | |||
r-release-macos-x86_64 | 2.7-6 | 223.00 | OK | |||
r-release-windows-x86_64 | 2.7-6 | 84.00 | 204.00 | 288.00 | OK | |
r-oldrel-macos-arm64 | 2.7-6 | 106.00 | OK | |||
r-oldrel-macos-x86_64 | 2.7-6 | 159.00 | OK | |||
r-oldrel-windows-x86_64 | 2.7-6 | 105.00 | 250.00 | 355.00 | OK |
Version: 2.7-6
Check: CRAN incoming feasibility
Result: NOTE
Maintainer: ‘Matteo Quartagno <m.quartagno@ucl.ac.uk>’
No Authors@R field in DESCRIPTION.
Please add one, modifying
Authors@R: c(person(given = "Matteo",
family = "Quartagno",
role = c("aut", "cre"),
email = "m.quartagno@ucl.ac.uk"),
person(given = "James",
family = "Carpenter",
role = "aut"))
as necessary.
Flavor: r-devel-linux-x86_64-debian-gcc