CRAN Package Check Results for Package lehdr

Last updated on 2025-04-29 08:52:02 CEST.

Flavor Version Tinstall Tcheck Ttotal Status Flags
r-devel-linux-x86_64-debian-clang 1.1.4 5.10 78.19 83.29 NOTE
r-devel-linux-x86_64-debian-gcc 1.1.4 3.34 70.88 74.22 NOTE
r-devel-linux-x86_64-fedora-clang 1.1.4 111.40 NOTE
r-devel-linux-x86_64-fedora-gcc 1.1.4 126.50 NOTE
r-devel-windows-x86_64 1.1.4 5.00 162.00 167.00 NOTE
r-patched-linux-x86_64 1.1.4 4.56 74.85 79.41 NOTE
r-release-linux-x86_64 1.1.4 4.72 75.61 80.33 NOTE
r-release-macos-arm64 1.1.4 162.00 NOTE
r-release-macos-x86_64 1.1.4 185.00 NOTE
r-release-windows-x86_64 1.1.4 6.00 170.00 176.00 NOTE
r-oldrel-macos-arm64 1.1.4 152.00 OK
r-oldrel-macos-x86_64 1.1.4 172.00 OK
r-oldrel-windows-x86_64 1.1.4 8.00 168.00 176.00 OK

Check Details

Version: 1.1.4
Check: DESCRIPTION meta-information
Result: NOTE Missing dependency on R >= 4.1.0 because package code uses the pipe |> or function shorthand \(...) syntax added in R 4.1.0. File(s) using such syntax: ‘grab_crosswalk.R’ ‘lehdr.R’ Flavors: r-devel-linux-x86_64-debian-clang, r-devel-linux-x86_64-debian-gcc, r-devel-linux-x86_64-fedora-clang, r-devel-linux-x86_64-fedora-gcc, r-devel-windows-x86_64, r-patched-linux-x86_64, r-release-linux-x86_64, r-release-macos-arm64, r-release-macos-x86_64, r-release-windows-x86_64