CRAN Package Check Results for Package linERR

Last updated on 2025-04-29 08:52:02 CEST.

Flavor Version Tinstall Tcheck Ttotal Status Flags
r-devel-linux-x86_64-debian-clang 1.0 7.56 70.01 77.57 OK
r-devel-linux-x86_64-debian-gcc 1.0 5.46 52.12 57.58 NOTE
r-devel-linux-x86_64-fedora-clang 1.0 118.29 NOTE
r-devel-linux-x86_64-fedora-gcc 1.0 120.44 NOTE
r-devel-windows-x86_64 1.0 9.00 87.00 96.00 OK
r-patched-linux-x86_64 1.0 6.76 69.09 75.85 OK
r-release-linux-x86_64 1.0 6.23 68.82 75.05 OK
r-release-macos-arm64 1.0 47.00 OK
r-release-macos-x86_64 1.0 75.00 OK
r-release-windows-x86_64 1.0 9.00 91.00 100.00 OK
r-oldrel-macos-arm64 1.0 40.00 OK
r-oldrel-macos-x86_64 1.0 76.00 OK
r-oldrel-windows-x86_64 1.0 11.00 98.00 109.00 OK

Check Details

Version: 1.0
Check: CRAN incoming feasibility
Result: NOTE Maintainer: ‘David Moriña Soler <david.morina@uab.cat>’ No Authors@R field in DESCRIPTION. Please add one, modifying Authors@R: person(given = "David", family = "Moriña", role = c("aut", "cre"), email = "david.morina@uab.cat", comment = "ISGlobal, Centre for Research in Environmental Epidemiology") as necessary. Flavor: r-devel-linux-x86_64-debian-gcc

Version: 1.0
Check: examples
Result: NOTE Examples with CPU (user + system) or elapsed time > 5s user system elapsed ERRci 9.674 0.046 11.733 Flavor: r-devel-linux-x86_64-debian-gcc

Version: 1.0
Check: compiled code
Result: NOTE File ‘linERR/libs/linERR.so’: Found no calls to: ‘R_registerRoutines’, ‘R_useDynamicSymbols’ It is good practice to register native routines and to disable symbol search. See ‘Writing portable packages’ in the ‘Writing R Extensions’ manual. Flavors: r-devel-linux-x86_64-fedora-clang, r-devel-linux-x86_64-fedora-gcc