Last updated on 2025-04-29 08:52:03 CEST.
Flavor | Version | Tinstall | Tcheck | Ttotal | Status | Flags |
---|---|---|---|---|---|---|
r-devel-linux-x86_64-debian-clang | 1.2.0 | 6.44 | 75.88 | 82.32 | OK | |
r-devel-linux-x86_64-debian-gcc | 1.2.0 | 6.03 | 56.73 | 62.76 | NOTE | |
r-devel-linux-x86_64-fedora-clang | 1.2.0 | 135.83 | OK | |||
r-devel-linux-x86_64-fedora-gcc | 1.2.0 | 128.40 | OK | |||
r-devel-windows-x86_64 | 1.2.0 | 9.00 | 90.00 | 99.00 | OK | |
r-patched-linux-x86_64 | 1.2.0 | 6.71 | 75.22 | 81.93 | OK | |
r-release-linux-x86_64 | 1.2.0 | 6.24 | 75.72 | 81.96 | OK | |
r-release-macos-arm64 | 1.2.0 | 36.00 | OK | |||
r-release-macos-x86_64 | 1.2.0 | 76.00 | OK | |||
r-release-windows-x86_64 | 1.2.0 | 11.00 | 102.00 | 113.00 | OK | |
r-oldrel-macos-arm64 | 1.2.0 | 43.00 | OK | |||
r-oldrel-macos-x86_64 | 1.2.0 | 84.00 | OK | |||
r-oldrel-windows-x86_64 | 1.2.0 | 12.00 | 117.00 | 129.00 | OK |
Version: 1.2.0
Check: examples
Result: NOTE
Examples with CPU (user + system) or elapsed time > 5s
user system elapsed
scatter_plot 5.156 0.125 6.829
Flavor: r-devel-linux-x86_64-debian-gcc