CRAN Package Check Results for Package matchingMarkets

Last updated on 2025-04-29 08:52:03 CEST.

Flavor Version Tinstall Tcheck Ttotal Status Flags
r-devel-linux-x86_64-debian-clang 1.0-4 148.65 126.06 274.71 OK
r-devel-linux-x86_64-debian-gcc 1.0-4 116.70 85.78 202.48 OK
r-devel-linux-x86_64-fedora-clang 1.0-4 486.94 OK
r-devel-linux-x86_64-fedora-gcc 1.0-4 520.97 OK
r-devel-windows-x86_64 1.0-4 172.00 183.00 355.00 OK
r-patched-linux-x86_64 1.0-4 156.86 123.83 280.69 OK
r-release-linux-x86_64 1.0-4 156.37 122.06 278.43 OK
r-release-macos-arm64 1.0-4 147.00 OK
r-release-macos-x86_64 1.0-4 198.00 OK
r-release-windows-x86_64 1.0-4 173.00 206.00 379.00 OK
r-oldrel-macos-arm64 1.0-4 112.00 NOTE
r-oldrel-macos-x86_64 1.0-4 152.00 NOTE
r-oldrel-windows-x86_64 1.0-4 189.00 229.00 418.00 NOTE

Check Details

Version: 1.0-4
Check: installed package size
Result: NOTE installed size is 13.2Mb sub-directories of 1Mb or more: java 3.3Mb libs 8.9Mb Flavors: r-oldrel-macos-arm64, r-oldrel-macos-x86_64, r-oldrel-windows-x86_64