Last updated on 2025-04-29 08:52:04 CEST.
Flavor | Version | Tinstall | Tcheck | Ttotal | Status | Flags |
---|---|---|---|---|---|---|
r-devel-linux-x86_64-debian-clang | 0.3.0 | 10.08 | 85.87 | 95.95 | OK | |
r-devel-linux-x86_64-debian-gcc | 0.3.0 | 8.13 | 64.61 | 72.74 | NOTE | |
r-devel-linux-x86_64-fedora-clang | 0.3.0 | 167.29 | OK | |||
r-devel-linux-x86_64-fedora-gcc | 0.3.0 | 144.57 | OK | |||
r-devel-windows-x86_64 | 0.3.0 | 12.00 | 93.00 | 105.00 | OK | |
r-patched-linux-x86_64 | 0.3.0 | 10.19 | 86.98 | 97.17 | OK | |
r-release-linux-x86_64 | 0.3.0 | 8.59 | 86.24 | 94.83 | OK | |
r-release-macos-arm64 | 0.3.0 | 41.00 | OK | |||
r-release-macos-x86_64 | 0.3.0 | 83.00 | OK | |||
r-release-windows-x86_64 | 0.3.0 | 12.00 | 94.00 | 106.00 | OK | |
r-oldrel-macos-arm64 | 0.3.0 | 49.00 | OK | |||
r-oldrel-macos-x86_64 | 0.3.0 | 82.00 | OK | |||
r-oldrel-windows-x86_64 | 0.3.0 | 13.00 | 117.00 | 130.00 | OK |
Version: 0.3.0
Check: examples
Result: NOTE
Examples with CPU (user + system) or elapsed time > 5s
user system elapsed
mixedbiastest 4.014 0.566 5.756
Flavor: r-devel-linux-x86_64-debian-gcc