CRAN Package Check Results for Package mnreadR

Last updated on 2025-04-29 08:52:04 CEST.

Flavor Version Tinstall Tcheck Ttotal Status Flags
r-devel-linux-x86_64-debian-clang 2.1.7 6.54 66.69 73.23 NOTE
r-devel-linux-x86_64-debian-gcc 2.1.7 4.59 52.85 57.44 NOTE
r-devel-linux-x86_64-fedora-clang 2.1.7 112.68 OK
r-devel-linux-x86_64-fedora-gcc 2.1.7 108.50 OK
r-devel-windows-x86_64 2.1.7 8.00 84.00 92.00 NOTE
r-patched-linux-x86_64 2.1.7 6.51 68.10 74.61 NOTE
r-release-linux-x86_64 2.1.7 6.41 68.07 74.48 NOTE
r-release-macos-arm64 2.1.7 35.00 OK
r-release-macos-x86_64 2.1.7 71.00 OK
r-release-windows-x86_64 2.1.7 10.00 83.00 93.00 NOTE
r-oldrel-macos-arm64 2.1.7 35.00 OK
r-oldrel-macos-x86_64 2.1.7 85.00 OK
r-oldrel-windows-x86_64 2.1.7 13.00 108.00 121.00 OK

Check Details

Version: 2.1.7
Check: Rd cross-references
Result: NOTE Found the following Rd file(s) with Rd \link{} targets missing package anchors: nlmeModel.Rd: nlme Please provide package anchors for all Rd \link{} targets not in the package itself and the base packages. Flavors: r-devel-linux-x86_64-debian-clang, r-devel-linux-x86_64-debian-gcc, r-devel-windows-x86_64, r-patched-linux-x86_64, r-release-linux-x86_64, r-release-windows-x86_64

Version: 2.1.7
Check: examples
Result: NOTE Examples with CPU (user + system) or elapsed time > 5s user system elapsed curveParam_RS 4.624 0.046 5.001 Flavor: r-devel-linux-x86_64-debian-gcc