Last updated on 2025-04-29 08:52:04 CEST.
Flavor | Version | Tinstall | Tcheck | Ttotal | Status | Flags |
---|---|---|---|---|---|---|
r-devel-linux-x86_64-debian-clang | 1.0.6 | 7.17 | 57.60 | 64.77 | OK | |
r-devel-linux-x86_64-debian-gcc | 1.0.6 | 4.92 | 42.71 | 47.63 | NOTE | |
r-devel-linux-x86_64-fedora-clang | 1.0.6 | 98.98 | OK | |||
r-devel-linux-x86_64-fedora-gcc | 1.0.6 | 96.03 | OK | |||
r-devel-windows-x86_64 | 1.0.6 | 8.00 | 79.00 | 87.00 | OK | |
r-patched-linux-x86_64 | 1.0.6 | 7.60 | 56.05 | 63.65 | OK | |
r-release-linux-x86_64 | 1.0.6 | 6.77 | 55.64 | 62.41 | OK | |
r-release-macos-arm64 | 1.0.6 | 36.00 | OK | |||
r-release-macos-x86_64 | 1.0.6 | 53.00 | OK | |||
r-release-windows-x86_64 | 1.0.6 | 7.00 | 75.00 | 82.00 | OK | |
r-oldrel-macos-arm64 | 1.0.6 | 32.00 | OK | |||
r-oldrel-macos-x86_64 | 1.0.6 | 49.00 | OK | |||
r-oldrel-windows-x86_64 | 1.0.6 | 9.00 | 81.00 | 90.00 | OK |
Version: 1.0.6
Check: CRAN incoming feasibility
Result: NOTE
Maintainer: ‘Kevin Burke <kevin.burke@ul.ie>’
No Authors@R field in DESCRIPTION.
Please add one, modifying
Authors@R: person(given = "Kevin",
family = "Burke",
role = c("aut", "cre"),
email = "kevin.burke@ul.ie")
as necessary.
Flavor: r-devel-linux-x86_64-debian-gcc