CRAN Package Check Results for Package mstclustering

Last updated on 2025-04-29 14:53:40 CEST.

Flavor Version Tinstall Tcheck Ttotal Status Flags
r-devel-linux-x86_64-debian-clang 1.0.0.0 3.68 32.34 36.02 NOTE
r-devel-linux-x86_64-debian-gcc 1.0.0.0 2.30 22.94 25.24 NOTE
r-devel-linux-x86_64-fedora-clang 1.0.0.0 54.85 OK
r-devel-linux-x86_64-fedora-gcc 1.0.0.0 54.60 OK
r-devel-windows-x86_64 1.0.0.0 5.00 51.00 56.00 OK
r-patched-linux-x86_64 1.0.0.0 3.01 30.05 33.06 OK
r-release-linux-x86_64 1.0.0.0 3.29 30.34 33.63 OK
r-release-macos-arm64 1.0.0.0 30.00 OK
r-release-macos-x86_64 1.0.0.0 36.00 OK
r-release-windows-x86_64 1.0.0.0 5.00 53.00 58.00 OK
r-oldrel-macos-arm64 1.0.0.0 21.00 OK
r-oldrel-macos-x86_64 1.0.0.0 31.00 OK
r-oldrel-windows-x86_64 1.0.0.0 6.00 59.00 65.00 OK

Check Details

Version: 1.0.0.0
Check: CRAN incoming feasibility
Result: NOTE Maintainer: ‘Kevin Michael Frick <kmfrick98@gmail.com>’ No Authors@R field in DESCRIPTION. Please add one, modifying Authors@R: person(given = c("Kevin", "Michael"), family = "Frick", role = c("aut", "cre"), email = "kmfrick98@gmail.com") as necessary. Flavors: r-devel-linux-x86_64-debian-clang, r-devel-linux-x86_64-debian-gcc