Last updated on 2025-04-29 14:53:40 CEST.
Flavor | Version | Tinstall | Tcheck | Ttotal | Status | Flags |
---|---|---|---|---|---|---|
r-devel-linux-x86_64-debian-clang | 0.1.1 | 3.92 | 62.38 | 66.30 | NOTE | |
r-devel-linux-x86_64-debian-gcc | 0.1.1 | 2.99 | 44.16 | 47.15 | OK | |
r-devel-linux-x86_64-fedora-clang | 0.1.1 | 103.12 | OK | |||
r-devel-linux-x86_64-fedora-gcc | 0.1.1 | 114.88 | OK | |||
r-devel-windows-x86_64 | 0.1.1 | 7.00 | 78.00 | 85.00 | OK | |
r-patched-linux-x86_64 | 0.1.1 | 4.47 | 57.75 | 62.22 | OK | |
r-release-linux-x86_64 | 0.1.1 | 4.36 | 57.33 | 61.69 | OK | |
r-release-macos-arm64 | 0.1.1 | 54.00 | OK | |||
r-release-macos-x86_64 | 0.1.1 | 81.00 | OK | |||
r-release-windows-x86_64 | 0.1.1 | 6.00 | 81.00 | 87.00 | OK | |
r-oldrel-macos-arm64 | 0.1.1 | 45.00 | OK | |||
r-oldrel-macos-x86_64 | 0.1.1 | 86.00 | OK | |||
r-oldrel-windows-x86_64 | 0.1.1 | 7.00 | 97.00 | 104.00 | OK |
Version: 0.1.1
Check: examples
Result: NOTE
Examples with CPU (user + system) or elapsed time > 5s
user system elapsed
dfMaker 3.358 0.173 5.957
Flavor: r-devel-linux-x86_64-debian-clang