Last updated on 2025-04-29 08:52:04 CEST.
Flavor | Version | Tinstall | Tcheck | Ttotal | Status | Flags |
---|---|---|---|---|---|---|
r-devel-linux-x86_64-debian-clang | 1.0 | 8.62 | 68.53 | 77.15 | OK | |
r-devel-linux-x86_64-debian-gcc | 1.0 | 6.65 | 51.37 | 58.02 | NOTE | |
r-devel-linux-x86_64-fedora-clang | 1.0 | 119.35 | OK | |||
r-devel-linux-x86_64-fedora-gcc | 1.0 | 115.09 | OK | |||
r-devel-windows-x86_64 | 1.0 | 8.00 | 79.00 | 87.00 | OK | |
r-patched-linux-x86_64 | 1.0 | 7.88 | 66.11 | 73.99 | OK | |
r-release-linux-x86_64 | 1.0 | 8.90 | 64.95 | 73.85 | OK | |
r-release-macos-arm64 | 1.0 | 40.00 | OK | |||
r-release-macos-x86_64 | 1.0 | 72.00 | OK | |||
r-release-windows-x86_64 | 1.0 | 9.00 | 79.00 | 88.00 | OK | |
r-oldrel-macos-arm64 | 1.0 | 35.00 | OK | |||
r-oldrel-macos-x86_64 | 1.0 | 51.00 | OK | |||
r-oldrel-windows-x86_64 | 1.0 | 11.00 | 95.00 | 106.00 | OK |
Version: 1.0
Check: CRAN incoming feasibility
Result: NOTE
Maintainer: ‘Jiebiao Wang <randel.wang@gmail.com>’
No Authors@R field in DESCRIPTION.
Please add one, modifying
Authors@R: c(person(given = "Jiebiao",
family = "Wang",
role = c("aut", "cre"),
email = "randel.wang@gmail.com"),
person(given = c("Lin", "S."),
family = "Chen",
role = "aut"))
as necessary.
Flavor: r-devel-linux-x86_64-debian-gcc