Last updated on 2025-04-29 08:52:04 CEST.
Flavor | Version | Tinstall | Tcheck | Ttotal | Status | Flags |
---|---|---|---|---|---|---|
r-devel-linux-x86_64-debian-clang | 1.4.0 | 11.74 | 403.31 | 415.05 | OK | |
r-devel-linux-x86_64-debian-gcc | 1.4.0 | 8.16 | 306.21 | 314.37 | OK | |
r-devel-linux-x86_64-fedora-clang | 1.4.0 | 611.70 | OK | |||
r-devel-linux-x86_64-fedora-gcc | 1.4.0 | 603.73 | OK | |||
r-devel-windows-x86_64 | 1.4.0 | 14.00 | 476.00 | 490.00 | OK | |
r-patched-linux-x86_64 | 1.4.0 | 11.30 | 384.41 | 395.71 | OK | |
r-release-linux-x86_64 | 1.4.0 | 12.85 | 386.93 | 399.78 | OK | |
r-release-macos-arm64 | 1.4.0 | 228.00 | OK | |||
r-release-macos-x86_64 | 1.4.0 | 272.00 | OK | |||
r-release-windows-x86_64 | 1.4.0 | 15.00 | 458.00 | 473.00 | OK | |
r-oldrel-macos-arm64 | 1.4.0 | 173.00 | NOTE | |||
r-oldrel-macos-x86_64 | 1.4.0 | 307.00 | NOTE | |||
r-oldrel-windows-x86_64 | 1.4.0 | 17.00 | 581.00 | 598.00 | NOTE |
Version: 1.4.0
Check: package dependencies
Result: NOTE
Package suggested but not available for checking: ‘rTubeDB’
Flavors: r-oldrel-macos-arm64, r-oldrel-macos-x86_64, r-oldrel-windows-x86_64
Version: 1.4.0
Check: Rd cross-references
Result: NOTE
Package unavailable to check Rd xrefs: ‘rTubeDB’
Flavors: r-oldrel-macos-arm64, r-oldrel-macos-x86_64, r-oldrel-windows-x86_64