CRAN Package Check Results for Package partition

Last updated on 2025-04-29 08:52:06 CEST.

Flavor Version Tinstall Tcheck Ttotal Status Flags
r-devel-linux-x86_64-debian-clang 0.2.2 63.51 240.16 303.67 OK
r-devel-linux-x86_64-debian-gcc 0.2.2 53.10 182.69 235.79 OK
r-devel-linux-x86_64-fedora-clang 0.2.2 538.34 OK
r-devel-linux-x86_64-fedora-gcc 0.2.2 532.80 OK
r-devel-windows-x86_64 0.2.2 81.00 296.00 377.00 OK
r-patched-linux-x86_64 0.2.2 72.31 235.58 307.89 OK
r-release-linux-x86_64 0.2.2 71.95 235.08 307.03 OK
r-release-macos-arm64 0.2.2 152.00 OK
r-release-macos-x86_64 0.2.2 275.00 OK
r-release-windows-x86_64 0.2.2 86.00 309.00 395.00 OK
r-oldrel-macos-arm64 0.2.2 146.00 NOTE
r-oldrel-macos-x86_64 0.2.2 238.00 NOTE
r-oldrel-windows-x86_64 0.2.2 96.00 392.00 488.00 OK

Check Details

Version: 0.2.2
Check: installed package size
Result: NOTE installed size is 6.0Mb sub-directories of 1Mb or more: libs 4.0Mb Flavors: r-oldrel-macos-arm64, r-oldrel-macos-x86_64