Last updated on 2025-04-29 14:53:42 CEST.
Flavor | Version | Tinstall | Tcheck | Ttotal | Status | Flags |
---|---|---|---|---|---|---|
r-devel-linux-x86_64-debian-clang | 0.2.1 | 9.19 | 209.87 | 219.06 | NOTE | |
r-devel-linux-x86_64-debian-gcc | 0.2.1 | 5.42 | 133.61 | 139.03 | NOTE | |
r-devel-linux-x86_64-fedora-clang | 0.2.1 | 338.03 | OK | |||
r-devel-linux-x86_64-fedora-gcc | 0.2.1 | 329.45 | OK | |||
r-devel-windows-x86_64 | 0.2.1 | 10.00 | 260.00 | 270.00 | OK | |
r-patched-linux-x86_64 | 0.2.1 | 9.69 | 197.08 | 206.77 | OK | |
r-release-linux-x86_64 | 0.2.1 | 7.82 | 197.62 | 205.44 | OK | |
r-release-macos-arm64 | 0.2.1 | 102.00 | OK | |||
r-release-macos-x86_64 | 0.2.1 | 221.00 | OK | |||
r-release-windows-x86_64 | 0.2.1 | 12.00 | 274.00 | 286.00 | OK | |
r-oldrel-macos-arm64 | 0.2.1 | 104.00 | OK | |||
r-oldrel-macos-x86_64 | 0.2.1 | 248.00 | OK | |||
r-oldrel-windows-x86_64 | 0.2.1 | 14.00 | 331.00 | 345.00 | OK |
Version: 0.2.1
Check: examples
Result: NOTE
Examples with CPU (user + system) or elapsed time > 5s
user system elapsed
summary.pc_matrix 7.902 0.605 9.676
plot.pc_matrix 7.658 0.064 10.073
print.pc_matrix 7.349 0.051 8.932
pc_matrix 7.102 0.269 8.601
Flavor: r-devel-linux-x86_64-debian-clang
Version: 0.2.1
Check: examples
Result: NOTE
Examples with CPU (user + system) or elapsed time > 5s
user system elapsed
summary.pc_matrix 4.481 0.766 6.216
print.pc_matrix 4.389 0.074 5.775
plot.pc_matrix 4.420 0.004 5.725
pc_matrix 4.048 0.102 5.223
Flavor: r-devel-linux-x86_64-debian-gcc