Last updated on 2025-04-29 08:52:06 CEST.
Flavor | Version | Tinstall | Tcheck | Ttotal | Status | Flags |
---|---|---|---|---|---|---|
r-devel-linux-x86_64-debian-clang | 0.1.8 | 11.46 | 307.32 | 318.78 | NOTE | |
r-devel-linux-x86_64-debian-gcc | 0.1.8 | 8.08 | 184.64 | 192.72 | NOTE | |
r-devel-linux-x86_64-fedora-clang | 0.1.8 | 545.95 | OK | |||
r-devel-linux-x86_64-fedora-gcc | 0.1.8 | 523.13 | OK | |||
r-devel-windows-x86_64 | 0.1.8 | 12.00 | 299.00 | 311.00 | NOTE | |
r-patched-linux-x86_64 | 0.1.8 | 12.28 | 294.54 | 306.82 | NOTE | |
r-release-linux-x86_64 | 0.1.8 | 11.64 | 292.29 | 303.93 | NOTE | |
r-release-macos-arm64 | 0.1.8 | 127.00 | OK | |||
r-release-macos-x86_64 | 0.1.8 | 283.00 | OK | |||
r-release-windows-x86_64 | 0.1.8 | 13.00 | 303.00 | 316.00 | NOTE | |
r-oldrel-macos-arm64 | 0.1.8 | 131.00 | OK | |||
r-oldrel-macos-x86_64 | 0.1.8 | 200.00 | OK | |||
r-oldrel-windows-x86_64 | 0.1.8 | 17.00 | 394.00 | 411.00 | OK |
Version: 0.1.8
Check: Rd cross-references
Result: NOTE
Found the following Rd file(s) with Rd \link{} targets missing package
anchors:
perProb.Rd: pMvdc
Please provide package anchors for all Rd \link{} targets not in the
package itself and the base packages.
Flavors: r-devel-linux-x86_64-debian-clang, r-devel-linux-x86_64-debian-gcc, r-devel-windows-x86_64, r-patched-linux-x86_64, r-release-linux-x86_64, r-release-windows-x86_64
Version: 0.1.8
Check: examples
Result: NOTE
Examples with CPU (user + system) or elapsed time > 5s
user system elapsed
coefAll2-methods 5.945 0.210 6.407
grid_pbox 5.993 0.078 6.915
final_pbox 5.297 0.184 5.773
set_pbox 5.237 0.047 5.461
qpbox 5.180 0.028 5.654
scenario_pbox 5.178 0.007 5.567
fit_dist_pbox 4.454 0.126 5.271
Flavor: r-devel-linux-x86_64-debian-gcc