Last updated on 2025-04-29 08:52:06 CEST.
Flavor | Version | Tinstall | Tcheck | Ttotal | Status | Flags |
---|---|---|---|---|---|---|
r-devel-linux-x86_64-debian-clang | 1.0.3 | 8.42 | 23.95 | 32.37 | OK | |
r-devel-linux-x86_64-debian-gcc | 1.0.3 | 10.22 | 19.85 | 30.07 | NOTE | |
r-devel-linux-x86_64-fedora-clang | 1.0.3 | 52.34 | NOTE | |||
r-devel-linux-x86_64-fedora-gcc | 1.0.3 | 63.37 | NOTE | |||
r-devel-windows-x86_64 | 1.0.3 | 17.00 | 52.00 | 69.00 | OK | |
r-patched-linux-x86_64 | 1.0.3 | 15.85 | 23.74 | 39.59 | OK | |
r-release-linux-x86_64 | 1.0.3 | 14.46 | 23.80 | 38.26 | OK | |
r-release-macos-arm64 | 1.0.3 | 53.00 | OK | |||
r-release-macos-x86_64 | 1.0.3 | 42.00 | OK | |||
r-release-windows-x86_64 | 1.0.3 | 18.00 | 50.00 | 68.00 | OK | |
r-oldrel-macos-arm64 | 1.0.3 | 50.00 | OK | |||
r-oldrel-macos-x86_64 | 1.0.3 | 34.00 | OK | |||
r-oldrel-windows-x86_64 | 1.0.3 | 19.00 | 52.00 | 71.00 | OK |
Version: 1.0.3
Check: CRAN incoming feasibility
Result: NOTE
Maintainer: ‘Andreas M. Brandmaier <brandmaier@mpib-berlin.mpg.de>’
No Authors@R field in DESCRIPTION.
Please add one, modifying
Authors@R: person(given = c("Andreas", "M."),
family = "Brandmaier",
role = c("aut", "cre"),
email = "brandmaier@mpib-berlin.mpg.de")
as necessary.
Found the following (possibly) invalid file URI:
URI: openclipart.org
From: man/complex.shapes.Rd
Flavor: r-devel-linux-x86_64-debian-gcc
Version: 1.0.3
Check: compiled code
Result: NOTE
File ‘pdc/libs/pdc.so’:
Found no calls to: ‘R_registerRoutines’, ‘R_useDynamicSymbols’
It is good practice to register native routines and to disable symbol
search.
See ‘Writing portable packages’ in the ‘Writing R Extensions’ manual.
Flavors: r-devel-linux-x86_64-fedora-clang, r-devel-linux-x86_64-fedora-gcc