CRAN Package Check Results for Package pkgdiff

Last updated on 2025-04-29 14:53:43 CEST.

Flavor Version Tinstall Tcheck Ttotal Status Flags
r-devel-linux-x86_64-debian-clang 0.2.0 9.39 140.71 150.10 NOTE
r-devel-linux-x86_64-debian-gcc 0.2.0 7.43 79.43 86.86 OK
r-devel-linux-x86_64-fedora-clang 0.2.0 172.56 OK
r-devel-linux-x86_64-fedora-gcc 0.2.0 199.09 OK
r-devel-windows-x86_64 0.2.0 13.00 223.00 236.00 ERROR
r-patched-linux-x86_64 0.2.0 10.56 137.04 147.60 OK
r-release-linux-x86_64 0.2.0 9.86 138.76 148.62 OK
r-release-macos-arm64 0.2.0 263.00 OK
r-release-macos-x86_64 0.2.0 310.00 OK
r-release-windows-x86_64 0.2.0 13.00 180.00 193.00 OK
r-oldrel-macos-arm64 0.2.0 264.00 OK
r-oldrel-macos-x86_64 0.2.0 366.00 OK
r-oldrel-windows-x86_64 0.2.0 15.00 566.00 581.00 OK

Check Details

Version: 0.2.0
Check: examples
Result: NOTE Examples with CPU (user + system) or elapsed time > 5s user system elapsed print.rstability 1.673 0.111 5.688 repo_stability 1.566 0.081 5.488 pkg_info 1.428 0.090 6.793 Flavor: r-devel-linux-x86_64-debian-clang

Version: 0.2.0
Check: examples
Result: ERROR Running examples in 'pkgdiff-Ex.R' failed The error most likely occurred in: > ### Name: print.pdiff > ### Title: Print a Package Difference Object > ### Aliases: print.pdiff > > ### ** Examples > > # View versions > pkg_versions("rvest") Package Version FileName Release Size 1 rvest 1.0.4 rvest_1.0.4.tar.gz 2024-02-12 113K 2 rvest 1.0.3 rvest_1.0.3.tar.gz 2022-08-20 92K 3 rvest 1.0.2 rvest_1.0.2.tar.gz 2021-10-17 92K 4 rvest 1.0.1 rvest_1.0.1.tar.gz 2021-07-26 92K 5 rvest 1.0.0 rvest_1.0.0.tar.gz 2021-03-09 92K 6 rvest 0.3.6 rvest_0.3.6.tar.gz 2020-07-25 2.7M 7 rvest 0.3.5 rvest_0.3.5.tar.gz 2019-11-09 1.1M 8 rvest 0.3.4 rvest_0.3.4.tar.gz 2019-05-15 1.6M 9 rvest 0.3.3 rvest_0.3.3.tar.gz 2019-04-11 1.6M 10 rvest 0.3.2 rvest_0.3.2.tar.gz 2016-06-17 1.5M 11 rvest 0.3.1 rvest_0.3.1.tar.gz 2015-11-11 1.5M 12 rvest 0.3.0 rvest_0.3.0.tar.gz 2015-09-23 1.5M 13 rvest 0.2.0 rvest_0.2.0.tar.gz 2015-01-01 5.2M 14 rvest 0.1.0 rvest_0.1.0.tar.gz 2014-11-22 5.1M > # Package Version FileName Release Size > # 1 rvest 1.0.4 rvest_1.0.4.tar.gz 2024-02-12 113K > # 2 rvest 1.0.3 rvest_1.0.3.tar.gz 2022-08-20 92K > # 3 rvest 1.0.2 rvest_1.0.2.tar.gz 2021-10-17 92K > # 4 rvest 1.0.1 rvest_1.0.1.tar.gz 2021-07-26 92K > # 5 rvest 1.0.0 rvest_1.0.0.tar.gz 2021-03-09 92K > # 6 rvest 0.3.6 rvest_0.3.6.tar.gz 2020-07-25 2.7M > # 7 rvest 0.3.5 rvest_0.3.5.tar.gz 2019-11-09 1.1M > # 8 rvest 0.3.4 rvest_0.3.4.tar.gz 2019-05-15 1.6M > # 9 rvest 0.3.3 rvest_0.3.3.tar.gz 2019-04-11 1.6M > # 10 rvest 0.3.2 rvest_0.3.2.tar.gz 2016-06-17 1.5M > # 11 rvest 0.3.1 rvest_0.3.1.tar.gz 2015-11-11 1.5M > # 12 rvest 0.3.0 rvest_0.3.0.tar.gz 2015-09-23 1.5M > # 13 rvest 0.2.0 rvest_0.2.0.tar.gz 2015-01-01 5.2M > # 14 rvest 0.1.0 rvest_0.1.0.tar.gz 2014-11-22 5.1M > > # Find differences in latest version > res <- pkg_diff("rvest", "1.0.3", "1.0.4") Warning in load(gzcon(murl)) : URL 'https://github.com/dbosak01/pkgdiffdata/raw/refs/heads/main/packages.rds': Timeout of 60 seconds was reached Error in load(gzcon(murl)) : cannot open the connection to 'https://github.com/dbosak01/pkgdiffdata/raw/refs/heads/main/packages.rds' Calls: pkg_diff ... get_fastest_infos -> github_packages -> get -> load Execution halted Flavor: r-devel-windows-x86_64