Last updated on 2025-04-29 08:52:07 CEST.
Flavor | Version | Tinstall | Tcheck | Ttotal | Status | Flags |
---|---|---|---|---|---|---|
r-devel-linux-x86_64-debian-clang | 0.2.0 | 4.79 | 90.96 | 95.75 | OK | |
r-devel-linux-x86_64-debian-gcc | 0.2.0 | 3.30 | 62.73 | 66.03 | NOTE | |
r-devel-linux-x86_64-fedora-clang | 0.2.0 | 149.81 | OK | |||
r-devel-linux-x86_64-fedora-gcc | 0.2.0 | 155.14 | OK | |||
r-devel-windows-x86_64 | 0.2.0 | 7.00 | 99.00 | 106.00 | OK | |
r-patched-linux-x86_64 | 0.2.0 | 4.66 | 85.80 | 90.46 | OK | |
r-release-linux-x86_64 | 0.2.0 | 3.70 | 86.97 | 90.67 | OK | |
r-release-macos-arm64 | 0.2.0 | 48.00 | OK | |||
r-release-macos-x86_64 | 0.2.0 | 98.00 | OK | |||
r-release-windows-x86_64 | 0.2.0 | 7.00 | 100.00 | 107.00 | OK | |
r-oldrel-macos-arm64 | 0.2.0 | 46.00 | OK | |||
r-oldrel-macos-x86_64 | 0.2.0 | 73.00 | OK | |||
r-oldrel-windows-x86_64 | 0.2.0 | 7.00 | 125.00 | 132.00 | OK |
Version: 0.2.0
Check: examples
Result: NOTE
Examples with CPU (user + system) or elapsed time > 5s
user system elapsed
gamlasso 7.314 0.126 9.354
Flavor: r-devel-linux-x86_64-debian-gcc