Last updated on 2025-04-29 14:53:43 CEST.
Flavor | Version | Tinstall | Tcheck | Ttotal | Status | Flags |
---|---|---|---|---|---|---|
r-devel-linux-x86_64-debian-clang | 1.0-6 | 3.41 | 44.37 | 47.78 | NOTE | |
r-devel-linux-x86_64-debian-gcc | 1.0-6 | 2.28 | 32.63 | 34.91 | NOTE | |
r-devel-linux-x86_64-fedora-clang | 1.0-6 | 72.73 | OK | |||
r-devel-linux-x86_64-fedora-gcc | 1.0-6 | 83.85 | OK | |||
r-devel-windows-x86_64 | 1.0-6 | 4.00 | 75.00 | 79.00 | OK | |
r-patched-linux-x86_64 | 1.0-6 | 3.17 | 42.05 | 45.22 | OK | |
r-release-linux-x86_64 | 1.0-6 | 3.36 | 41.59 | 44.95 | OK | |
r-release-macos-arm64 | 1.0-6 | 34.00 | OK | |||
r-release-macos-x86_64 | 1.0-6 | 59.00 | OK | |||
r-release-windows-x86_64 | 1.0-6 | 5.00 | 76.00 | 81.00 | OK | |
r-oldrel-macos-arm64 | 1.0-6 | 40.00 | OK | |||
r-oldrel-macos-x86_64 | 1.0-6 | 45.00 | OK | |||
r-oldrel-windows-x86_64 | 1.0-6 | 4.00 | 84.00 | 88.00 | OK |
Version: 1.0-6
Check: CRAN incoming feasibility
Result: NOTE
Maintainer: ‘"Mark C. Wheldon" <biostatmark@gmail.com>’
No Authors@R field in DESCRIPTION.
Please add one, modifying
Authors@R: c(person(given = c("Mark", "C."),
family = "Wheldon",
role = "aut"),
person(given = c("\"Mark", "C."),
family = "Wheldon\"",
role = "cre",
email = "biostatmark@gmail.com"))
as necessary.
Flavors: r-devel-linux-x86_64-debian-clang, r-devel-linux-x86_64-debian-gcc