Last updated on 2025-04-29 08:52:07 CEST.
Flavor | Version | Tinstall | Tcheck | Ttotal | Status | Flags |
---|---|---|---|---|---|---|
r-devel-linux-x86_64-debian-clang | 0.1.3 | 6.98 | 60.43 | 67.41 | OK | |
r-devel-linux-x86_64-debian-gcc | 0.1.3 | 5.03 | 47.31 | 52.34 | NOTE | |
r-devel-linux-x86_64-fedora-clang | 0.1.3 | 103.99 | OK | |||
r-devel-linux-x86_64-fedora-gcc | 0.1.3 | 100.98 | OK | |||
r-devel-windows-x86_64 | 0.1.3 | 8.00 | 85.00 | 93.00 | OK | |
r-patched-linux-x86_64 | 0.1.3 | 7.68 | 59.00 | 66.68 | OK | |
r-release-linux-x86_64 | 0.1.3 | 6.78 | 59.81 | 66.59 | OK | |
r-release-macos-arm64 | 0.1.3 | 36.00 | OK | |||
r-release-macos-x86_64 | 0.1.3 | 61.00 | OK | |||
r-release-windows-x86_64 | 0.1.3 | 8.00 | 97.00 | 105.00 | OK | |
r-oldrel-macos-arm64 | 0.1.3 | 34.00 | OK | |||
r-oldrel-macos-x86_64 | 0.1.3 | 48.00 | OK | |||
r-oldrel-windows-x86_64 | 0.1.3 | 10.00 | 95.00 | 105.00 | OK |
Version: 0.1.3
Check: CRAN incoming feasibility
Result: NOTE
Maintainer: ‘Weiliang Qiu <weiliang.qiu@gmail.com>’
No Authors@R field in DESCRIPTION.
Please add one, modifying
Authors@R: c(person(given = "Weiliang",
family = "Qiu",
role = c("aut", "cre"),
email = "weiliang.qiu@gmail.com"),
person(given = "Jorge",
family = "Chavarro",
role = "aut"),
person(given = "Ross",
family = "Lazarus",
role = "aut"),
person(given = "Bernard",
family = "Rosner",
role = "aut"),
person(given = "Jing",
family = "Ma.",
role = "aut"))
as necessary.
Flavor: r-devel-linux-x86_64-debian-gcc