Last updated on 2025-04-29 08:52:07 CEST.
Flavor | Version | Tinstall | Tcheck | Ttotal | Status | Flags |
---|---|---|---|---|---|---|
r-devel-linux-x86_64-debian-clang | 1.0.1 | 50.26 | 162.30 | 212.56 | OK | |
r-devel-linux-x86_64-debian-gcc | 1.0.1 | 40.24 | 116.19 | 156.43 | NOTE | |
r-devel-linux-x86_64-fedora-clang | 1.0.1 | 356.23 | OK | |||
r-devel-linux-x86_64-fedora-gcc | 1.0.1 | 341.94 | OK | |||
r-devel-windows-x86_64 | 1.0.1 | 63.00 | 189.00 | 252.00 | OK | |
r-patched-linux-x86_64 | 1.0.1 | 54.54 | 154.87 | 209.41 | OK | |
r-release-linux-x86_64 | 1.0.1 | 52.76 | 156.36 | 209.12 | OK | |
r-release-macos-arm64 | 1.0.1 | 100.00 | OK | |||
r-release-macos-x86_64 | 1.0.1 | 160.00 | OK | |||
r-release-windows-x86_64 | 1.0.1 | 65.00 | 194.00 | 259.00 | OK | |
r-oldrel-macos-arm64 | 1.0.1 | 54.00 | NOTE | |||
r-oldrel-macos-x86_64 | 1.0.1 | 94.00 | NOTE | |||
r-oldrel-windows-x86_64 | 1.0.1 | 75.00 | 250.00 | 325.00 | NOTE |
Version: 1.0.1
Check: examples
Result: NOTE
Examples with CPU (user + system) or elapsed time > 5s
user system elapsed
ecls_data 3.087 0.007 5.299
Flavor: r-devel-linux-x86_64-debian-gcc
Version: 1.0.1
Check: installed package size
Result: NOTE
installed size is 5.7Mb
sub-directories of 1Mb or more:
libs 4.7Mb
Flavors: r-oldrel-macos-arm64, r-oldrel-macos-x86_64
Version: 1.0.1
Check: for GNU extensions in Makefiles
Result: NOTE
GNU make is a SystemRequirements.
Flavors: r-oldrel-macos-arm64, r-oldrel-macos-x86_64, r-oldrel-windows-x86_64