Last updated on 2025-04-29 08:52:07 CEST.
Flavor | Version | Tinstall | Tcheck | Ttotal | Status | Flags |
---|---|---|---|---|---|---|
r-devel-linux-x86_64-debian-clang | 2.8.0 | 34.63 | 304.52 | 339.15 | OK | |
r-devel-linux-x86_64-debian-gcc | 2.8.0 | 24.95 | 197.40 | 222.35 | NOTE | |
r-devel-linux-x86_64-fedora-clang | 2.8.0 | 616.38 | OK | |||
r-devel-linux-x86_64-fedora-gcc | 2.8.0 | 556.75 | OK | |||
r-devel-windows-x86_64 | 2.8.0 | 43.00 | 297.00 | 340.00 | OK | |
r-patched-linux-x86_64 | 2.8.0 | 39.46 | 297.79 | 337.25 | OK | |
r-release-linux-x86_64 | 2.8.0 | 37.63 | 294.96 | 332.59 | OK | |
r-release-macos-arm64 | 2.8.0 | 136.00 | OK | |||
r-release-macos-x86_64 | 2.8.0 | 287.00 | OK | |||
r-release-windows-x86_64 | 2.8.0 | 44.00 | 304.00 | 348.00 | OK | |
r-oldrel-macos-arm64 | 2.8.0 | 130.00 | NOTE | |||
r-oldrel-macos-x86_64 | 2.8.0 | 266.00 | NOTE | |||
r-oldrel-windows-x86_64 | 2.8.0 | 49.00 | 429.00 | 478.00 | NOTE |
Version: 2.8.0
Check: CRAN incoming feasibility
Result: NOTE
Maintainer: ‘Frank Weber <fweber144@protonmail.com>’
The Description field contains
<arXiv:2301.01660>), and for many other regression models (using the
<arXiv:2109.04702>, which can also be applied to most of the former
Please refer to arXiv e-prints via their arXiv DOI <doi:10.48550/arXiv.YYMM.NNNNN>.
Flavor: r-devel-linux-x86_64-debian-gcc
Version: 2.8.0
Check: examples
Result: NOTE
Examples with CPU (user + system) or elapsed time > 5s
user system elapsed
as.matrix.projection 6.642 0.323 9.283
Flavor: r-devel-linux-x86_64-debian-gcc
Version: 2.8.0
Check: package dependencies
Result: NOTE
Package suggested but not available for checking: ‘cmdstanr’
Flavors: r-oldrel-macos-arm64, r-oldrel-macos-x86_64
Version: 2.8.0
Check: package dependencies
Result: NOTE
Packages suggested but not available for checking: 'unix', 'cmdstanr'
Flavor: r-oldrel-windows-x86_64