CRAN Package Check Results for Package puzzle

Last updated on 2025-04-29 08:52:08 CEST.

Flavor Version Tinstall Tcheck Ttotal Status Flags
r-devel-linux-x86_64-debian-clang 0.0.1 3.12 24.43 27.55 OK
r-devel-linux-x86_64-debian-gcc 0.0.1 2.06 20.47 22.53 OK
r-devel-linux-x86_64-fedora-clang 0.0.1 44.30 NOTE
r-devel-linux-x86_64-fedora-gcc 0.0.1 41.51 NOTE
r-devel-windows-x86_64 0.0.1 6.00 48.00 54.00 OK
r-patched-linux-x86_64 0.0.1 3.50 23.72 27.22 OK
r-release-linux-x86_64 0.0.1 2.93 23.88 26.81 OK
r-release-macos-arm64 0.0.1 23.00 OK
r-release-macos-x86_64 0.0.1 40.00 OK
r-release-windows-x86_64 0.0.1 5.00 49.00 54.00 OK
r-oldrel-macos-arm64 0.0.1 19.00 OK
r-oldrel-macos-x86_64 0.0.1 25.00 OK
r-oldrel-windows-x86_64 0.0.1 6.00 50.00 56.00 OK

Check Details

Version: 0.0.1
Check: dependencies in R code
Result: NOTE Namespaces in Imports field not imported from: ‘kableExtra’ ‘readr’ ‘tidyverse’ All declared Imports should be used. Flavors: r-devel-linux-x86_64-fedora-clang, r-devel-linux-x86_64-fedora-gcc