Last updated on 2025-04-29 14:53:44 CEST.
Flavor | Version | Tinstall | Tcheck | Ttotal | Status | Flags |
---|---|---|---|---|---|---|
r-devel-linux-x86_64-debian-clang | 1.6.2 | 7.43 | 103.54 | 110.97 | NOTE | |
r-devel-linux-x86_64-debian-gcc | 1.6.2 | 4.67 | 75.81 | 80.48 | OK | |
r-devel-linux-x86_64-fedora-clang | 1.6.2 | 152.04 | OK | |||
r-devel-linux-x86_64-fedora-gcc | 1.6.2 | 160.97 | OK | |||
r-devel-windows-x86_64 | 1.6.2 | 8.00 | 86.00 | 94.00 | OK | |
r-patched-linux-x86_64 | 1.6.2 | 6.33 | 98.44 | 104.77 | OK | |
r-release-linux-x86_64 | 1.6.2 | 6.73 | 97.55 | 104.28 | OK | |
r-release-macos-arm64 | 1.6.2 | 42.00 | OK | |||
r-release-macos-x86_64 | 1.6.2 | 104.00 | OK | |||
r-release-windows-x86_64 | 1.6.2 | 9.00 | 87.00 | 96.00 | OK | |
r-oldrel-macos-arm64 | 1.6.2 | 41.00 | OK | |||
r-oldrel-macos-x86_64 | 1.6.2 | 77.00 | OK | |||
r-oldrel-windows-x86_64 | 1.6.2 | 10.00 | 103.00 | 113.00 | OK |
Version: 1.6.2
Check: examples
Result: NOTE
Examples with CPU (user + system) or elapsed time > 5s
user system elapsed
conf_dist 4.539 0.233 6.948
Flavor: r-devel-linux-x86_64-debian-clang