CRAN Package Check Results for Package qape

Last updated on 2025-04-29 08:52:08 CEST.

Flavor Version Tinstall Tcheck Ttotal Status Flags
r-devel-linux-x86_64-debian-clang 2.1 14.83 136.04 150.87 NOTE
r-devel-linux-x86_64-debian-gcc 2.1 9.95 93.39 103.34 NOTE
r-devel-linux-x86_64-fedora-clang 2.1 241.52 NOTE
r-devel-linux-x86_64-fedora-gcc 2.1 225.96 NOTE
r-devel-windows-x86_64 2.1 15.00 140.00 155.00 NOTE
r-patched-linux-x86_64 2.1 15.62 129.16 144.78 NOTE
r-release-linux-x86_64 2.1 13.36 128.88 142.24 NOTE
r-release-macos-arm64 2.1 63.00 NOTE
r-release-macos-x86_64 2.1 166.00 NOTE
r-release-windows-x86_64 2.1 15.00 140.00 155.00 NOTE
r-oldrel-macos-arm64 2.1 63.00 NOTE
r-oldrel-macos-x86_64 2.1 95.00 NOTE
r-oldrel-windows-x86_64 2.1 17.00 180.00 197.00 NOTE

Check Details

Version: 2.1
Check: Rd files
Result: NOTE checkRd: (-1) srswrRe.Rd:10: Lost braces 10 | \item{listRanef}{{\emph{ranef(model)}} object where {\emph{model}} is an { \emph{lmer}} object.} | ^ Flavors: r-devel-linux-x86_64-debian-clang, r-devel-linux-x86_64-debian-gcc, r-devel-linux-x86_64-fedora-clang, r-devel-linux-x86_64-fedora-gcc, r-devel-windows-x86_64, r-patched-linux-x86_64, r-release-linux-x86_64, r-release-macos-arm64, r-release-macos-x86_64, r-release-windows-x86_64, r-oldrel-macos-arm64, r-oldrel-macos-x86_64, r-oldrel-windows-x86_64

Version: 2.1
Check: CRAN incoming feasibility
Result: NOTE Maintainer: ‘Alicja Wolny-Dominiak <alicja.wolny-dominiak@ue.katowice.pl>’ No Authors@R field in DESCRIPTION. Please add one, modifying Authors@R: c(person(given = "Alicja", family = "Wolny-Dominiak", role = c("aut", "cre"), email = "alicja.wolny-dominiak@ue.katowice.pl"), person(given = "Tomasz", family = "Zadlo", role = "aut")) as necessary. Flavor: r-devel-linux-x86_64-debian-gcc

Version: 2.1
Check: examples
Result: NOTE Examples with CPU (user + system) or elapsed time > 5s user system elapsed mcBootMis 4.139 0.079 6.056 EBLUP 3.501 0.170 5.548 Flavor: r-devel-linux-x86_64-debian-gcc