Last updated on 2025-04-29 08:52:08 CEST.
Flavor | Version | Tinstall | Tcheck | Ttotal | Status | Flags |
---|---|---|---|---|---|---|
r-devel-linux-x86_64-debian-clang | 2.0.0 | 12.03 | 442.37 | 454.40 | OK | |
r-devel-linux-x86_64-debian-gcc | 2.0.0 | 8.92 | 345.84 | 354.76 | OK | |
r-devel-linux-x86_64-fedora-clang | 2.0.0 | 690.78 | OK | |||
r-devel-linux-x86_64-fedora-gcc | 2.0.0 | 762.00 | OK | |||
r-devel-windows-x86_64 | 2.0.0 | 15.00 | 473.00 | 488.00 | OK | |
r-patched-linux-x86_64 | 2.0.0 | 12.16 | 459.79 | 471.95 | OK | |
r-release-linux-x86_64 | 2.0.0 | 11.48 | 458.77 | 470.25 | OK | |
r-release-macos-arm64 | 2.0.0 | 289.00 | OK | |||
r-release-macos-x86_64 | 2.0.0 | 636.00 | OK | |||
r-release-windows-x86_64 | 2.0.0 | 18.00 | 466.00 | 484.00 | OK | |
r-oldrel-macos-arm64 | 2.0.0 | 318.00 | NOTE | |||
r-oldrel-macos-x86_64 | 2.0.0 | 687.00 | NOTE | |||
r-oldrel-windows-x86_64 | 2.0.0 | 19.00 | 571.00 | 590.00 | NOTE |
Version: 2.0.0
Check: installed package size
Result: NOTE
installed size is 6.0Mb
sub-directories of 1Mb or more:
doc 5.2Mb
Flavors: r-oldrel-macos-arm64, r-oldrel-macos-x86_64, r-oldrel-windows-x86_64