Last updated on 2025-04-29 08:52:08 CEST.
Flavor | Version | Tinstall | Tcheck | Ttotal | Status | Flags |
---|---|---|---|---|---|---|
r-devel-linux-x86_64-debian-clang | 0.2.4 | 74.65 | 192.47 | 267.12 | OK | |
r-devel-linux-x86_64-debian-gcc | 0.2.4 | 52.38 | 142.81 | 195.19 | OK | |
r-devel-linux-x86_64-fedora-clang | 0.2.4 | 458.36 | OK | |||
r-devel-linux-x86_64-fedora-gcc | 0.2.4 | 457.67 | OK | |||
r-devel-windows-x86_64 | 0.2.4 | 76.00 | 198.00 | 274.00 | OK | |
r-patched-linux-x86_64 | 0.2.4 | 74.04 | 192.36 | 266.40 | OK | |
r-release-linux-x86_64 | 0.2.4 | 49.64 | 191.42 | 241.06 | OK | |
r-release-macos-arm64 | 0.2.4 | 150.00 | OK | |||
r-release-macos-x86_64 | 0.2.4 | 222.00 | OK | |||
r-release-windows-x86_64 | 0.2.4 | 75.00 | 201.00 | 276.00 | OK | |
r-oldrel-macos-arm64 | 0.2.4 | 124.00 | NOTE | |||
r-oldrel-macos-x86_64 | 0.2.4 | 174.00 | NOTE | |||
r-oldrel-windows-x86_64 | 0.2.4 | 68.00 | 254.00 | 322.00 | OK |
Version: 0.2.4
Check: installed package size
Result: NOTE
installed size is 6.4Mb
sub-directories of 1Mb or more:
libs 5.4Mb
Flavors: r-oldrel-macos-arm64, r-oldrel-macos-x86_64