Last updated on 2025-04-29 08:52:09 CEST.
Flavor | Version | Tinstall | Tcheck | Ttotal | Status | Flags |
---|---|---|---|---|---|---|
r-devel-linux-x86_64-debian-clang | 1.3 | 18.15 | 228.56 | 246.71 | OK | |
r-devel-linux-x86_64-debian-gcc | 1.3 | 12.75 | 160.51 | 173.26 | OK | |
r-devel-linux-x86_64-fedora-clang | 1.3 | 409.69 | OK | |||
r-devel-linux-x86_64-fedora-gcc | 1.3 | 372.41 | OK | |||
r-devel-windows-x86_64 | 1.3 | 40.00 | 211.00 | 251.00 | OK | |
r-patched-linux-x86_64 | 1.3 | 16.56 | 219.80 | 236.36 | OK | |
r-release-linux-x86_64 | 1.3 | 16.39 | 218.21 | 234.60 | OK | |
r-release-macos-arm64 | 1.3 | 105.00 | OK | |||
r-release-macos-x86_64 | 1.3 | 207.00 | OK | |||
r-release-windows-x86_64 | 1.3 | 41.00 | 209.00 | 250.00 | OK | |
r-oldrel-macos-arm64 | 1.3 | 100.00 | NOTE | |||
r-oldrel-macos-x86_64 | 1.3 | 154.00 | NOTE | |||
r-oldrel-windows-x86_64 | 1.3 | 50.00 | 275.00 | 325.00 | NOTE |
Version: 1.3
Check: installed package size
Result: NOTE
installed size is 24.7Mb
sub-directories of 1Mb or more:
extdata 24.0Mb
Flavors: r-oldrel-macos-arm64, r-oldrel-macos-x86_64, r-oldrel-windows-x86_64