Last updated on 2025-04-29 08:52:08 CEST.
Flavor | Version | Tinstall | Tcheck | Ttotal | Status | Flags |
---|---|---|---|---|---|---|
r-devel-linux-x86_64-debian-clang | 0.37.3 | 77.36 | 119.34 | 196.70 | OK | |
r-devel-linux-x86_64-debian-gcc | 0.37.3 | 55.66 | 79.79 | 135.45 | OK | |
r-devel-linux-x86_64-fedora-clang | 0.37.3 | 368.35 | OK | |||
r-devel-linux-x86_64-fedora-gcc | 0.37.3 | 330.58 | OK | |||
r-devel-windows-x86_64 | 0.37.3 | 86.00 | 160.00 | 246.00 | OK | |
r-patched-linux-x86_64 | 0.37.3 | 77.66 | 113.83 | 191.49 | OK | |
r-release-linux-x86_64 | 0.37.3 | 70.58 | 112.33 | 182.91 | OK | |
r-release-macos-arm64 | 0.37.3 | 75.00 | OK | |||
r-release-macos-x86_64 | 0.37.3 | 136.00 | OK | |||
r-release-windows-x86_64 | 0.37.3 | 95.00 | 156.00 | 251.00 | OK | |
r-oldrel-macos-arm64 | 0.37.3 | 80.00 | NOTE | |||
r-oldrel-macos-x86_64 | 0.37.3 | 93.00 | NOTE | |||
r-oldrel-windows-x86_64 | 0.37.3 | 103.00 | 204.00 | 307.00 | OK |
Version: 0.37.3
Check: installed package size
Result: NOTE
installed size is 7.2Mb
sub-directories of 1Mb or more:
data 2.9Mb
libs 3.3Mb
Flavors: r-oldrel-macos-arm64, r-oldrel-macos-x86_64